s digit of 11533?
3
What is the hundreds digit of 361?
3
What is the hundreds digit of 4761?
7
What is the units digit of 99?
9
What is the hundreds digit of 5287?
2
What is the ten thousands digit of 126755?
2
What is the hundreds digit of 371?
3
What is the tens digit of 18977?
7
What is the tens digit of 2786?
8
What is the hundreds digit of 1217?
2
What is the thousands digit of 8247?
8
What is the hundreds digit of 130156?
1
What is the hundreds digit of 9091?
0
What is the tens digit of 1314?
1
What is the tens digit of 3071?
7
What is the thousands digit of 15621?
5
What is the tens digit of 8923?
2
What is the thousands digit of 1310?
1
What is the thousands digit of 4428?
4
What is the tens digit of 2685?
8
What is the tens digit of 190569?
6
What is the tens digit of 2896?
9
What is the tens digit of 2147?
4
What is the tens digit of 264?
6
What is the hundreds digit of 77837?
8
What is the thousands digit of 34874?
4
What is the ten thousands digit of 83878?
8
What is the tens digit of 2656?
5
What is the units digit of 7669?
9
What is the thousands digit of 78377?
8
What is the units digit of 759?
9
What is the thousands digit of 1244?
1
What is the thousands digit of 2455?
2
What is the ten thousands digit of 181767?
8
What is the tens digit of 8370?
7
What is the units digit of 5023?
3
What is the units digit of 709?
9
What is the hundreds digit of 361?
3
What is the thousands digit of 119595?
9
What is the units digit of 5029?
9
What is the units digit of 176854?
4
What is the hundreds digit of 20143?
1
What is the units digit of 2158?
8
What is the ten thousands digit of 11565?
1
What is the units digit of 2236?
6
What is the hundreds digit of 2579?
5
What is the hundreds digit of 24474?
4
What is the thousands digit of 67676?
7
What is the tens digit of 492?
9
What is the tens digit of 2934?
3
What is the tens digit of 145236?
3
What is the hundreds digit of 50574?
5
What is the hundreds digit of 7792?
7
What is the hundreds digit of 992?
9
What is the units digit of 31764?
4
What is the tens digit of 189?
8
What is the ten thousands digit of 16663?
1
What is the hundreds digit of 2357?
3
What is the units digit of 6300?
0
What is the hundreds digit of 24852?
8
What is the units digit of 543?
3
What is the thousands digit of 13775?
3
What is the hundreds digit of 753?
7
What is the thousands digit of 81327?
1
What is the tens digit of 5078?
7
What is the hundreds digit of 13798?
7
What is the hundreds digit of 1518?
5
What is the thousands digit of 186732?
6
What is the thousands digit of 58515?
8
What is the tens digit of 177676?
7
What is the units digit of 70183?
3
What is the thousands digit of 1912?
1
What is the thousands digit of 131615?
1
What is the thousands digit of 22820?
2
What is the tens digit of 1166?
6
What is the tens digit of 5609?
0
What is the ten thousands digit of 27670?
2
What is the hundreds digit of 1622?
6
What is the hundreds digit of 1022?
0
What is the tens digit of 2034?
3
What is the thousands digit of 20949?
0
What is the ten thousands digit of 130774?
3
What is the ten thousands digit of 12303?
1
What is the units digit of 578?
8
What is the hundreds digit of 2564?
5
What is the thousands digit of 29784?
9
What is the hundreds digit of 1448?
4
What is the tens digit of 292?
9
What is the hundreds digit of 38199?
1
What is the units digit of 7269?
9
What is the units digit of 97310?
0
What is the hundreds digit of 95473?
4
What is the thousands digit of 107433?
7
What is the thousands digit of 2578?
2
What is the tens digit of 106?
0
What is the hundreds digit of 10380?
3
What is the units digit of 8686?
6
What is the tens digit of 115518?
1
What is the thousands digit of 89907?
9
What is the tens digit of 12626?
2
What is the tens digit of 34520?
2
What is the ten thousands digit of 40127?
4
What is the tens digit of 803?
0
What is the ten thousands digit of 108057?
0
What is the units digit of 12379?
9
What is the tens digit of 405?
0
What is the units digit of 175?
5
What is the ten thousands digit of 21987?
2
What is the tens digit of 119488?
8
What is the units digit of 4850?
0
What is the thousands digit of 9849?
9
What is the thousands digit of 13430?
3
What is the thousands digit of 49904?
9
What is the ten thousands digit of 15654?
1
What is the tens digit of 2151?
5
What is the tens digit of 424?
2
What is the units digit of 1735?
5
What is the tens digit of 26319?
1
What is the thousands digit of 6961?
6
What is the tens digit of 6563?
6
What is the thousands digit of 4123?
4
What is the hundreds digit of 106179?
1
What is the units digit of 133?
3
What is the hundreds digit of 2828?
8
What is the hundreds digit of 12861?
8
What is the thousands digit of 3216?
3
What is the units digit of 26415?
5
What is the units digit of 1635?
5
What is the hundreds digit of 3017?
0
What is the tens digit of 1676?
7
What is the tens digit of 2191?
9
What is the tens digit of 886?
8
What is the hundreds digit of 655?
6
What is the tens digit of 69167?
6
What is the ten thousands digit of 24965?
2
What is the units digit of 90504?
4
What is the units digit of 127448?
8
What is the tens digit of 25309?
0
What is the tens digit of 21211?
1
What is the tens digit of 45666?
6
What is the ten thousands digit of 73811?
7
What is the hundreds digit of 127780?
7
What is the units digit of 2700?
0
What is the units digit of 758?
8
What is the ten thousands digit of 116870?
1
What is the thousands digit of 1989?
1
What is the units digit of 21223?
3
What is the units digit of 248?
8
What is the thousands digit of 2727?
2
What is the tens digit of 52?
5
What is the thousands digit of 26547?
6
What is the units digit of 295?
5
What is the thousands digit of 25631?
5
What is the units digit of 2?
2
What is the thousands digit of 21216?
1
What is the tens digit of 1938?
3
What is the units digit of 892?
2
What is the thousands digit of 8853?
8
What is the ten thousands digit of 58598?
5
What is the tens digit of 9857?
5
What is the hundreds digit of 1867?
8
What is the units digit of 5693?
3
What is the units digit of 427?
7
What is the thousands digit of 6240?
6
What is the thousands digit of 1668?
1
What is the units digit of 582?
2
What is the hundreds digit of 954?
9
What is the tens digit of 2177?
7
What is the units digit of 111?
1
What is the thousands digit of 47031?
7
What is the hundreds digit of 2485?
4
What is the units digit of 332?
2
What is the units digit of 41077?
7
What is the tens digit of 99376?
7
What is the thousands digit of 5990?
5
What is the units digit of 28534?
4
What is the tens digit of 10048?
4
What is the hundreds digit of 37891?
8
What is the units digit of 146?
6
What is the hundreds digit of 965?
9
What is the units digit of 1176?
6
What is the units digit of 13927?
7
What is the thousands digit of 5036?
5
What is the hundreds digit of 48796?
7
What is the tens digit of 304?
0
What is the tens digit of 6689?
8
What is the units digit of 957?
7
What is the thousands digit of 5178?
5
What is the units digit of 1068?
8
What is the tens digit of 3217?
1
What is the tens digit of 94225?
2
What is the ten thousands digit of 75318?
7
What is the tens digit of 6165?
6
What is the thousands digit of 7210?
7
What is the thousands digit of 1332?
1
What is the units digit of 5198?
8
What is the units digit of 11846?
6
What is the units digit of 1294?
4
What is the units digit of 26672?
2
What is the thousands digit of 10913?
0
What is the units digit of 508?
8
What is the tens digit of 75?
7
What is the tens digit of 2154?
5
What is the tens digit of 1059?
5
What is the ten thousands digit of 18352?
1
What is the thousands digit of 1639?
1
What is the units digit of 1158?
8
What is the hundreds digit of 393?
3
What is the thousands digit of 30349?
0
What is the tens digit of 13264?
6
What is the hundreds digit of 864?
8
What is the thousands digit of 34933?
4
What is the units digit of 1741?
1
What is the hundreds digit of 3305?
3
What is the units digit of 210?
0
What is the tens digit of 181432?
3
What is the thousands digit of 3011?
3
What is the thousands digit of 64083?
4
What is the tens digit of 2567?
6
What is the units digit of 39136?
6
What is the tens digit of 12382?
8
What 